{"id":3,"date":"2024-03-05T14:11:54","date_gmt":"2024-03-05T13:11:54","guid":{"rendered":"https:\/\/www.gruppentherapie-braunschweig.de\/home\/?page_id=3"},"modified":"2024-03-05T14:38:33","modified_gmt":"2024-03-05T13:38:33","slug":"datenschutzerklaerung","status":"publish","type":"page","link":"https:\/\/www.gruppentherapie-braunschweig.de\/home\/datenschutzerklaerung\/","title":{"rendered":"Datenschutzerkl\u00e4rung"},"content":{"rendered":"\n<h1 class=\"wp-block-heading\">1. Wer bin ich?<\/h1>\n\n\n\n<p>Die Adresse meiner Website ist: https:\/\/www.gruppentherapie-braunschweig.de\/ . Die Website wurde erstellt von Thorben Arends und wird gef\u00fchrt, verwaltet und betrieben durch Dipl.-Psych. Dr. rer. nat. Axel M\u00f6hler.<\/p>\n\n\n\n<h1 class=\"wp-block-heading\">2. Welche personenbezogenen Daten sammle ich?<\/h1>\n\n\n\n<p>Von meinen Besuchern und Patienten erfasse ich folgende Arten von personenbezogenen Daten:<\/p>\n\n\n\n<h2 class=\"wp-block-heading\">2.1) Kontaktdaten<\/h2>\n\n\n\n<p>Im Falle der Kontaktaufnahme mit mir, sammle ich Daten wie die E-Mail Adresse, die Telefonnummer, den Namen oder die Adresse.<\/p>\n\n\n\n<h2 class=\"wp-block-heading\">2.2) Daten bez\u00fcglich einer Browser- oder Nutzungssitzung<\/h2>\n\n\n\n<p>Beim Betreten und Benutzen meiner Website sammle ich gewisse personenbezogene Daten, wie die IP-Adresse, den geographischen Standort oder die eindeutige Kennung des Endger\u00e4ts.<\/p>\n\n\n\n<h2 class=\"wp-block-heading\">2.3) Schriftverkehr<\/h2>\n\n\n\n<p>Der mit mir erfolgte Schriftverkehr per E-Mail oder Post wird mit all den dazugeh\u00f6rigen Daten aufbewahrt und langfristig gespeichert. Per Post erfolgter Schriftverkehr wird nicht digital festgehalten.<\/p>\n\n\n\n<h2 class=\"wp-block-heading\">2.4) Weiteres<\/h2>\n\n\n\n<p>Ich erfasse au\u00dferdem jegliche personenbezogene Daten, die von den Besuchern \/ Patienten durch den Zugriff auf bzw. die Nutzung von meiner Website und meiner Dienste zur Verf\u00fcgung gestellt werden.<\/p>\n\n\n\n<h1 class=\"wp-block-heading\">3. Wie sammle ich personenbezogene Daten?<\/h1>\n\n\n\n<h2 class=\"wp-block-heading\">3.1) Nutzung der Website<\/h2>\n\n\n\n<p>Bei der Nutzung meiner Website werden entsprechende Nutzungen, Sitzungen und diesbez\u00fcgliche Informationen erfasst, erhoben und aufgezeichnet. Dies geschieht entweder durch mich selbst oder durch die Dienste Dritter wie Cookies oder Tracking-Dienste (s. Punkt 7).<\/p>\n\n\n\n<h2 class=\"wp-block-heading\">3.2) Freiwilliges zur Verf\u00fcgung stellen<\/h2>\n\n\n\n<p>Im Falle der Kontaktaufnahme mit mir, werden die entsprechenden, geforderten Daten freiwillig zur Verf\u00fcgung gestellt und gespeichert.<\/p>\n\n\n\n<h1 class=\"wp-block-heading\">4. Warum sammle ich personenbezogene Daten?<\/h1>\n\n\n\n<p>Ich sammle personenbezogene Daten f\u00fcr folgende Zwecke:<\/p>\n\n\n\n<p>1. Um entsprechende Dienste bereitzustellen und durchzuf\u00fchren;<\/p>\n\n\n\n<p>2. Um meine Dienste und alles was damit zusammenh\u00e4ngt weiterzuentwickeln und zu verbessern;<\/p>\n\n\n\n<p>3. Um meinen Nutzern und Kunden den n\u00f6tigen Service und Support zu bieten;<\/p>\n\n\n\n<p>4. Um bestm\u00f6gliches Nutzungsempfinden zu gew\u00e4hrleisten;<\/p>\n\n\n\n<p>5. Um Statistiken zu erstellen und statistische Daten zu erfassen, die zur Verbesserung meiner Dienste beitragen;<\/p>\n\n\n\n<p>6. Um eine entsprechende Datensicherheit und Betrugspr\u00e4vention zu gew\u00e4hrleisten;<\/p>\n\n\n\n<p>7. Um geltende Gesetze und Vorschriften einzuhalten;<\/p>\n\n\n\n<p>8. Um die Organisation und Durchf\u00fchrung von Veranstaltungen zu erm\u00f6glichen.<\/p>\n\n\n\n<p>Ich verwende die gesammelten Daten zu den bereits benannten Zwecken, wenn folgende Bedingungen erf\u00fcllt sind:<\/p>\n\n\n\n<p>1. Die Nutzung der Daten ist erforderlich, um Anforderungen, Dienstleistungen und Services ausf\u00fchren zu k\u00f6nnen (Buchungsanfragen, Support Service, etc.);<\/p>\n\n\n\n<p>2. Die Nutzung der Daten ist erforderlich, um rechtlichen und beh\u00f6rdlichen Verpflichtungen nachzukommen;<\/p>\n\n\n\n<p>3. Die Nutzung der Daten ist erforderlich, um rechtm\u00e4\u00dfige Interessen des Unternehmens durchzusetzen (Verbesserung, Weiterentwicklung, etc.).<\/p>\n\n\n\n<h1 class=\"wp-block-heading\">5. Wie speichere, teile oder ver\u00f6ffentliche ich die Daten?<\/h1>\n\n\n\n<h2 class=\"wp-block-heading\">5.1) Speichern der Daten<\/h2>\n\n\n\n<p>Daten, die zur Bearbeitung von Buchungs-\/ Supportanfragen oder zur Erstellung von Rechnungen o.\u00e4. ben\u00f6tigt werden, werden sowohl digital auf den lokalen Firmenrechnern, als auch analog in Papierform gespeichert.<\/p>\n\n\n\n<h2 class=\"wp-block-heading\">5.2) Teilen der Daten<\/h2>\n\n\n\n<p>Ich teile die Daten, falls n\u00f6tig, mit den Beh\u00f6rden aus rechtlichen Gr\u00fcnden, wenn zum Beispiel eine rechtswidrige Nutzung der Website vorliegt. Des Weiteren werden die Daten gegebenenfalls an die zust\u00e4ndigen Beh\u00f6rden weitergegeben, im Falle einer Vorladung, eines Gerichtsverfahrens, eines Durchsuchungsbefehls oder Gerichtsbeschlusses, oder falls anderweitig nach geltendem Recht erforderlich.<\/p>\n\n\n\n<h1 class=\"wp-block-heading\">6. Wie kommuniziere ich mit den Besuchern und Patienten?<\/h1>\n\n\n\n<p>Es ist m\u00f6glich, dass ich aus den verschiedensten Gr\u00fcnden mit Besuchern \/ Patienten in Kontakt treten werde. M\u00f6gliche Gr\u00fcnde daf\u00fcr k\u00f6nnten technische, rechtliche oder anderweitige Probleme, Streitigkeiten, aber nat\u00fcrlich auch Anfragen von Besucherseite aus, beispielsweise in Form einer Therapie- oder Supportanfrage, sein. Hierf\u00fcr nutze ich drei verschiedene Kommunikationswege:<\/p>\n\n\n\n<p>1. E-Mail Kontakt<\/p>\n\n\n\n<p>2. Telefonkontakt<\/p>\n\n\n\n<p>3. Pers\u00f6nliches Gespr\u00e4ch<\/p>\n\n\n\n<h1 class=\"wp-block-heading\">7. Cookies \/ Tracking-Dienste<\/h1>\n\n\n\n<p>Sogenannte \u201eCookies\u201c sind kleine Textdateien, die beim Benutzen einer Website auf dem Computer gespeichert werden, um gewisse Funktionen zu vereinfachen oder zu erm\u00f6glichen. Dabei unterscheidet man zwischen tempor\u00e4ren Cookies (Cookies, die gel\u00f6scht werden, sobald der Browser geschlossen wird und keine Informationen vom Computer sammeln) und permanenten Cookies (Cookies, die auf der Festplatte gespeichert werden, bis sie nach einem bestimmten Ablaufdatum automatisch entfernt, oder manuell gel\u00f6scht werden. Diese Cookies sammeln meist Informationen bez\u00fcglich des Nutzerverhaltens im Internet, zur Anpassung des Inhalts auf den Nutzer.). Auf meiner Website werden Cookies aus verschiedenen Gr\u00fcnden verwendet.<\/p>\n\n\n\n<p>Einerseits sollen die Cookies durch die Speicherung von bestimmten Daten und Einstellungen (Nutzerdaten zur automatischen Anmeldung, Spracheinstellung zur dauerhaft gleichbleibenden Sprache, etc.) das Benutzen meiner Website erleichtern und angenehmer machen. Andererseits werden dar\u00fcber zum Beispiel auch Statistiken aus dem Nutzerverhalten erstellt, um die Website stetig zu verbessern und anzupassen.<\/p>\n\n\n\n<p>F\u00fcr weitere Informationen empfehle ich die Website All About Cookies&nbsp;<a href=\"https:\/\/www.allaboutcookies.org\/\">AllAboutCookies<\/a>. Dabei sei darauf hingewiesen, dass die Genauigkeit, Vollst\u00e4ndigkeit und Verf\u00fcgbarkeit nicht von mir gew\u00e4hrleistet wird, da dies eine externe Website ist, die nichts mit mir oder meinem Unternehmen zu tun hat.\u200b&nbsp;<\/p>\n\n\n\n<p>Wenn Sie Cookies l\u00f6schen oder blockieren wollen, dann beachten Sie bitte den Hilfe- und Supportbereich ihres Browsers. Dort finden Sie Einstellungen, Hinweise und Anweisungen zur Cookiespeicherung in Ihrem Fall.<\/p>\n\n\n\n<p>Bitte beachten Sie, dass Sie auf bestimmte Bereiche und Funktionen keinen Zugriff mehr haben, wenn die daf\u00fcr n\u00f6tigen Cookies gel\u00f6scht oder deaktiviert werden.<\/p>\n\n\n\n<p>Im Falle der Einbettungen von Drittanbieter Inhalten k\u00f6nnen ebenfalls Cookies verwendet werden. Um welche es sich dabei genau handelt und was diese machen, entnehmen Sie bitte den Richtlinien der entsprechenden Anbieter.<\/p>\n\n\n\n<h1 class=\"wp-block-heading\">8. Personenbezogene Daten einsehen, widerrufen, l\u00f6schen oder \u00e4ndern<\/h1>\n\n\n\n<p>Wenn Sie einer Verarbeitung Ihrer Daten nicht zustimmen, Ihre Zustimmung widerrufen oder Ihre Daten \u00e4ndern, l\u00f6schen, oder einsehen m\u00f6chten, dann kontaktieren Sie mich bitte direkt \u00fcber die untenstehenden Kontaktdaten.<\/p>\n\n\n\n<h1 class=\"wp-block-heading\">9. Aktualisierung der Datenschutzerkl\u00e4rung<\/h1>\n\n\n\n<p>Ich behalten mir das Recht vor, die Datenschutzerkl\u00e4rung jederzeit zu \u00e4ndern. \u00dcberpr\u00fcfen Sie diese daher bitte regelm\u00e4\u00dfig. \u00c4nderungen und Klarstellungen werden unmittelbar nach ihrer Ver\u00f6ffentlichung auf der Website wirksam.<\/p>\n\n\n\n<h1 class=\"wp-block-heading\">10. Kontaktdaten<\/h1>\n\n\n\n<p>Bei Fragen oder Anmerkungen kontaktieren Sie mich bitte direkt.<\/p>\n\n\n\n<p>Dr. rer. nat. Dipl.-Psych. Axel M\u00f6hler<\/p>\n\n\n\n<p>Gro\u00dfe Wiese 6<br>38528 Rolfsb\u00fcttel<\/p>\n\n\n\n<p>E-Mail: info(at)gruppentherapie-braunschweig.de<br>Telefon: 05373-2823<\/p>\n","protected":false},"excerpt":{"rendered":"<p>1. Wer bin ich? Die Adresse meiner Website ist: https:\/\/www.gruppentherapie-braunschweig.de\/ . Die Website wurde erstellt von Thorben Arends und wird gef\u00fchrt, verwaltet und betrieben durch Dipl.-Psych. Dr. rer. nat. Axel M\u00f6hler. 2. Welche personenbezogenen Daten sammle ich? Von meinen Besuchern und Patienten erfasse ich folgende Arten von personenbezogenen Daten: 2.1) Kontaktdaten Im Falle der Kontaktaufnahme [&hellip;]<\/p>\n","protected":false},"author":1,"featured_media":0,"parent":0,"menu_order":0,"comment_status":"closed","ping_status":"open","template":"","meta":{"footnotes":""},"class_list":["post-3","page","type-page","status-publish","hentry"],"_links":{"self":[{"href":"https:\/\/www.gruppentherapie-braunschweig.de\/home\/wp-json\/wp\/v2\/pages\/3","targetHints":{"allow":["GET"]}}],"collection":[{"href":"https:\/\/www.gruppentherapie-braunschweig.de\/home\/wp-json\/wp\/v2\/pages"}],"about":[{"href":"https:\/\/www.gruppentherapie-braunschweig.de\/home\/wp-json\/wp\/v2\/types\/page"}],"author":[{"embeddable":true,"href":"https:\/\/www.gruppentherapie-braunschweig.de\/home\/wp-json\/wp\/v2\/users\/1"}],"replies":[{"embeddable":true,"href":"https:\/\/www.gruppentherapie-braunschweig.de\/home\/wp-json\/wp\/v2\/comments?post=3"}],"version-history":[{"count":1,"href":"https:\/\/www.gruppentherapie-braunschweig.de\/home\/wp-json\/wp\/v2\/pages\/3\/revisions"}],"predecessor-version":[{"id":43,"href":"https:\/\/www.gruppentherapie-braunschweig.de\/home\/wp-json\/wp\/v2\/pages\/3\/revisions\/43"}],"wp:attachment":[{"href":"https:\/\/www.gruppentherapie-braunschweig.de\/home\/wp-json\/wp\/v2\/media?parent=3"}],"curies":[{"name":"wp","href":"https:\/\/api.w.org\/{rel}","templated":true}]}}