{"id":46,"date":"2024-03-05T14:39:09","date_gmt":"2024-03-05T13:39:09","guid":{"rendered":"https:\/\/www.gruppentherapie-braunschweig.de\/home\/?page_id=46"},"modified":"2024-04-25T16:34:43","modified_gmt":"2024-04-25T14:34:43","slug":"einzeltherapie-2","status":"publish","type":"page","link":"https:\/\/www.gruppentherapie-braunschweig.de\/home\/einzeltherapie-2\/","title":{"rendered":"Einzeltherapie"},"content":{"rendered":"\n<p>Kommen Sie zu mir, wenn<\/p>\n\n\n\n<ul class=\"wp-block-list\">\n<li>Sie Beziehungs- oder Arbeitsplatzkonflikte bzw. k\u00f6rperliche Symptome haben.<\/li>\n\n\n\n<li>Sie an Depressionen leiden: Dies k\u00f6nnen depressive Episoden oder reaktive Depressionen (z.B. Verlust eines Menschen oder Haustieres) sein.<\/li>\n\n\n\n<li>eine Ersch\u00f6pfung\/Burnout haben: Dabei auftretende Symptome sind u.A. Antriebslosigkeit, Vermeidungsverhalten in schwierigen Situationen oder bei Stress, Unf\u00e4higkeit komplexe Aufgaben zu bew\u00e4ltigen, Resignation und Mutlosigkeit oder existentielle Verzweiflung bis hin zur Sinnkrise.<\/li>\n\n\n\n<li>\u00c4ngste und Panik Ihr Leben dominieren: K\u00f6rperliche Symptome sind Schwei\u00dfausbr\u00fcche, Herzrasen, schnelle Atmung, Schwindel. H\u00e4ufige Begleiter sind die Gef\u00fchle Hilflosigkeit und\/oder Kontrollverlust.&nbsp;<\/li>\n\n\n\n<li>Sie Selbstwertprobleme beeintr\u00e4chtigen: Haben Sie das Gef\u00fchl \u201enicht gut genug\u201c zu sein, f\u00fchlen Sie sich unzul\u00e4nglich.<\/li>\n\n\n\n<li>sich gravierende Einschnitte in Ihrem Leben manifestieren: Z.B. schwere k\u00f6rperliche Erkrankungen (Herzinfarkt, Krebs), schwerwiegende Ver\u00e4nderungen am Arbeitsplatz oder in Ihren Beziehungen stattfinden.<\/li>\n\n\n\n<li>Ihre Symptome nicht durch einen Arzt gekl\u00e4rt werden k\u00f6nnen also keine medizinische Diagnose gestellt werden kann (psychosomatisches Beschwerdebild).<\/li>\n<\/ul>\n\n\n\n<p>Vereinbaren Sie mit mir einen Termin zur Einzeltherapie \u00fcber <strong>05373 \u2013 2823<\/strong><\/p>\n\n\n\n<p>Eine Kosten\u00fcbernahme wird in der Regel durch Ihre Krankenkasse gew\u00e4hrleistet.<\/p>\n","protected":false},"excerpt":{"rendered":"<p>Kommen Sie zu mir, wenn Vereinbaren Sie mit mir einen Termin zur Einzeltherapie \u00fcber 05373 \u2013 2823 Eine Kosten\u00fcbernahme wird in der Regel durch Ihre Krankenkasse gew\u00e4hrleistet.<\/p>\n","protected":false},"author":1,"featured_media":26,"parent":0,"menu_order":0,"comment_status":"closed","ping_status":"closed","template":"","meta":{"footnotes":""},"class_list":["post-46","page","type-page","status-publish","has-post-thumbnail","hentry"],"_links":{"self":[{"href":"https:\/\/www.gruppentherapie-braunschweig.de\/home\/wp-json\/wp\/v2\/pages\/46","targetHints":{"allow":["GET"]}}],"collection":[{"href":"https:\/\/www.gruppentherapie-braunschweig.de\/home\/wp-json\/wp\/v2\/pages"}],"about":[{"href":"https:\/\/www.gruppentherapie-braunschweig.de\/home\/wp-json\/wp\/v2\/types\/page"}],"author":[{"embeddable":true,"href":"https:\/\/www.gruppentherapie-braunschweig.de\/home\/wp-json\/wp\/v2\/users\/1"}],"replies":[{"embeddable":true,"href":"https:\/\/www.gruppentherapie-braunschweig.de\/home\/wp-json\/wp\/v2\/comments?post=46"}],"version-history":[{"count":5,"href":"https:\/\/www.gruppentherapie-braunschweig.de\/home\/wp-json\/wp\/v2\/pages\/46\/revisions"}],"predecessor-version":[{"id":83,"href":"https:\/\/www.gruppentherapie-braunschweig.de\/home\/wp-json\/wp\/v2\/pages\/46\/revisions\/83"}],"wp:featuredmedia":[{"embeddable":true,"href":"https:\/\/www.gruppentherapie-braunschweig.de\/home\/wp-json\/wp\/v2\/media\/26"}],"wp:attachment":[{"href":"https:\/\/www.gruppentherapie-braunschweig.de\/home\/wp-json\/wp\/v2\/media?parent=46"}],"curies":[{"name":"wp","href":"https:\/\/api.w.org\/{rel}","templated":true}]}}

<p>Kommen Sie zu mir, wenn</p>



<ul class="wp-block-list">
<li>Sie Beziehungs- oder Arbeitsplatzkonflikte bzw. körperliche Symptome haben.</li>



<li>Sie an Depressionen leiden: Dies können depressive Episoden oder reaktive Depressionen (z.B. Verlust eines Menschen oder Haustieres) sein.</li>



<li>eine Erschöpfung/Burnout haben: Dabei auftretende Symptome sind u.A. Antriebslosigkeit, Vermeidungsverhalten in schwierigen Situationen oder bei Stress, Unfähigkeit komplexe Aufgaben zu bewältigen, Resignation und Mutlosigkeit oder existentielle Verzweiflung bis hin zur Sinnkrise.</li>



<li>Ängste und Panik Ihr Leben dominieren: Körperliche Symptome sind Schweißausbrüche, Herzrasen, schnelle Atmung, Schwindel. Häufige Begleiter sind die Gefühle Hilflosigkeit und/oder Kontrollverlust.&nbsp;</li>



<li>Sie Selbstwertprobleme beeinträchtigen: Haben Sie das Gefühl „nicht gut genug“ zu sein, fühlen Sie sich unzulänglich.</li>



<li>sich gravierende Einschnitte in Ihrem Leben manifestieren: Z.B. schwere körperliche Erkrankungen (Herzinfarkt, Krebs), schwerwiegende Veränderungen am Arbeitsplatz oder in Ihren Beziehungen stattfinden.</li>



<li>Ihre Symptome nicht durch einen Arzt geklärt werden können also keine medizinische Diagnose gestellt werden kann (psychosomatisches Beschwerdebild).</li>
</ul>



<p>Vereinbaren Sie mit mir einen Termin zur Einzeltherapie über <strong>05373 – 2823</strong></p>



<p>Eine Kostenübernahme wird in der Regel durch Ihre Krankenkasse gewährleistet.</p>

<p>Kommen Sie zu mir, wenn Vereinbaren Sie mit mir einen Termin zur Einzeltherapie über 05373 – 2823 Eine Kostenübernahme wird in der Regel durch Ihre Krankenkasse gewährleistet.</p>
